48449047 prime?
False
Is 51566435887 a composite number?
False
Is 13316852333 a prime number?
True
Is 1394088313 composite?
False
Is 850340377 a composite number?
False
Is 507040999 a composite number?
True
Is 50502077903 a composite number?
False
Is 11773211117 a composite number?
True
Is 4230043171 prime?
False
Is 14800413703 prime?
True
Is 7579177873 a prime number?
False
Is 5459610545 prime?
False
Is 1950494993 prime?
True
Is 1066895971 composite?
False
Is 1859644139 a prime number?
False
Is 1563171691 a prime number?
True
Is 6970744793 composite?
True
Is 10938275219 composite?
True
Is 543539803 a composite number?
False
Is 28648452061 a composite number?
True
Is 519854437 prime?
True
Is 7470047491 prime?
False
Is 10898127943 composite?
False
Is 1016371981 a prime number?
False
Is 1333989479 prime?
False
Is 469400213 a prime number?
False
Is 7941669067 composite?
True
Is 500248261 a composite number?
True
Is 511683943 prime?
False
Is 5523438499 a prime number?
False
Is 29883551 a composite number?
False
Is 39218003107 a composite number?
False
Is 3143012333 composite?
True
Is 3098295251 prime?
False
Is 93929917 prime?
True
Is 6117248563 composite?
True
Is 50577960757 a composite number?
True
Is 933567807 composite?
True
Is 14240559659 prime?
True
Is 982131127 composite?
False
Is 2128999133 a composite number?
True
Is 97835712263 composite?
False
Is 19409123 a composite number?
True
Is 5119212947 a composite number?
False
Is 120853487 a prime number?
True
Is 604555621 a composite number?
True
Is 797983153 a prime number?
False
Is 443074763 composite?
False
Is 402775425469 a prime number?
True
Is 3043411913 prime?
True
Is 219865695305 composite?
True
Is 15554415167 composite?
False
Is 1175398787 a prime number?
True
Is 3131623987 composite?
False
Is 12766511003 a prime number?
True
Is 568686869 a composite number?
False
Is 3254245937 composite?
True
Is 4881083453 prime?
True
Is 39281238059 a prime number?
False
Is 1066177663 a composite number?
True
Is 123441178507 a composite number?
False
Is 26281903771 composite?
False
Is 1268164715 composite?
True
Is 3491982419 a prime number?
True
Is 123143143 composite?
False
Is 27841828271 a composite number?
False
Is 490064869 a composite number?
True
Is 15530383769 prime?
True
Is 2099346701 prime?
True
Is 58129123501 a composite number?
False
Is 13944993837 composite?
True
Is 1884553747 a prime number?
True
Is 59423257 a prime number?
True
Is 46361327491 composite?
False
Is 33840049 a composite number?
False
Is 35395893391 prime?
False
Is 3194851481 prime?
False
Is 4209423671 composite?
True
Is 3428512411 a prime number?
False
Is 141890205049 a composite number?
False
Is 9311713717 a composite number?
False
Is 520052597 a prime number?
False
Is 211269871 composite?
True
Is 15090612287 prime?
True
Is 205742261 prime?
True
Is 1249958747 composite?
True
Is 583383187 prime?
True
Is 2274782014 a prime number?
False
Is 17432411887 prime?
False
Is 34826482049 a prime number?
True
Is 15273273 a composite number?
True
Is 4588165865 prime?
False
Is 21805933 a prime number?
True
Is 221206747 a composite number?
False
Is 14889462221 composite?
False
Is 5722538111 composite?
False
Is 3593159203 a composite number?
False
Is 1303523623 prime?
True
Is 208913779 a prime number?
False
Is 100682961317 prime?
True
Is 2274954593 prime?
True
Is 70580544319 composite?
False
Is 3889461673 prime?
True
Is 158528561 a prime number?
True
Is 8127423721 prime?
True
Is 921644887 prime?
False
Is 3032487391 composite?
False
Is 3272097317 composite?
True
Is 3992861777 prime?
True
Is 3246249859 a prime number?
False
Is 408740743 a composite number?
True
Is 1806447293 composite?
True
Is 31756663699 prime?
False
Is 16056220091 a prime number?
True
Is 12480569743 prime?
True
Is 1296887089 a composite number?
False
Is 16004081 a composite number?
True
Is 487821943 composite?
True
Is 1838833705 a prime number?
False
Is 1975267511 prime?
False
Is 18997346383 a prime number?
True
Is 3907373387 a composite number?
False
Is 422798879 composite?
True
Is 1403080391 composite?
False
Is 937548449 prime?
False
Is 7342622701 a prime number?
False
Is 500676749 prime?
False
Is 20519994587 a prime number?
True
Is 359208415 a prime number?
False
Is 333442007 a composite number?
False
Is 69282434371 composite?
False
Is 517274941 a prime number?
True
Is 43172812651 a prime number?
False
Is 4132501117 a prime number?
False
Is 199936397 a prime number?
True
Is 2820957511 a composite number?
True
Is 12425969939 prime?
False
Is 9041034341 composite?
False
Is 3246091703 a composite number?
False
Is 82885809011 a prime number?
True
Is 3537245513 prime?
True
Is 4509477317 a prime number?
True
Is 8959149821 composite?
True
Is 208016520359 composite?
True
Is 1131697981 a composite number?
True
Is 3898077643 a composite number?
True
Is 2776894459 a prime number?
False
Is 450472702 prime?
False
Is 6823576427 prime?
False
Is 62243834683 a composite number?
True
Is 9253668937 composite?
False
Is 149105741 a composite number?
False
Is 8319781901 prime?
False
Is 3097122877 a prime number?
True
Is 144636694 prime?
False
Is 2273584877 prime?
True
Is 5603609201 composite?
False
Is 6440349441 a composite number?
True
Is 15923033517 composite?
True
Is 222947987 a prime number?
True
Is 48951599495 composite?
True
Is 2309633633 a prime number?
False
Is 89989126471 composite?
False
Is 87930772591 a prime number?
True
Is 35123630791 a composite number?
False
Is 601401487 a prime number?
True
Is 3387349019 prime?
True
Is 8580705319 composite?
False
Is 790223653 prime?
False
Is 1773591697 a composite number?
False
Is 27969475529 prime?
False
Is 394744283 a prime number?
False
Is 6050817331 composite?
True
Is 1514691709 a composite number?
False
Is 10774783951 a composite number?
True
Is 278599513 a composite number?
False
Is 117417436673 composite?
False
Is 12189845267 a prime number?
False
Is 159030743 a composite number?
False
Is 1355347337 composite?
False
Is 420416743 a composite number?
True
Is 2700755671 prime?
True
Is 4464334627 a composite number?
False
Is 19984824191 a composite number?
False
Is 665400623 a composite number?
False
Is 6902684417 prime?
True
Is 59288962973 prime?
True
Is 1093125311 composite?
True
Is 26359088843 a composite number?
True
Is 85596571 prime?
True
Is 149182073 composite?
False
Is 66697953163 prime?
True
Is 142478641127 composite?
True
Is 633482609 a composite number?
False
Is 1283749769 composite?
True
Is 66882343849 composite?
False
Is 12964870613 a prime number?
False
Is 251435281 a prime number?
True
Is 1552684411 a prime number?
True
Is 2023260769 prime?
True
Is 929114926 prime?
False
Is 954164279 prime?
True
Is 2073173617 prime?
True
Is 80094881435 a prime number?
False
Is 222030541 prime?
True
Is 236685244623 a prime number?
False
Is 1013525605 prime?
False
Is 429303659 prime?
True
Is 540181839 prime?
False
Is 7519447693 a prime number?
True
Is 3369847889 prime?
True
Is 3391644013 a prime number?
True
Is 1451719601 a prime number?
False
Is 27915144513 a prime number?
False
Is 385555979 a composite number?
False
Is 1737849467 prime?
True
Is 5667449741 a composite number?
True
Is 27018250927 composite?
True
Is 325998289 composite?
False
Is 516877433 prime?
True
Is 3482503243 composite?
True
Is 694450373 a composite number?
True
Is 13360097391 prime?
False
Is 64205563 composite?
True
Is 52376250263 a composite number?
True
Is 1436799569 a composite number?
False
Is 787359227 a prime number?
True
Is 327076711339 composite?
True
Is 27450377 a composite number?
False
Is 23430068573 a prime number?
True
Is 29236391897 composite?
False
Is 15942352247 prime?
False
Is 4741235347 composite?
True
Is 953898289 a composite number?
False
Is 6444280903 a prime number?
False
Is 310552227213 prime?
False
Is 1720879427 a prime number?
True
Is 347064227 a composite number?
True
Is 2232165179 composite?
False
Is 3106506581 composite?
False
Is 21340343721 a composite number?
True
Is 13765079411 prime?
False
Is 29976493 a composite number?
False
Is 8551562027 a prime number?
True
Is 1186923733 a composite number?
False
Is 1266940403 a composite number?
False
Is 1026253567 a composite number?
False
Is 5216488441 a prime number?
True
Is 2533761421 a composi